43523 (base 10) in base 8?
125003
Convert 244403 (base 5) to base 4.
2102021
Convert -637 (base 8) to base 3.
-120101
-110101100111 (base 2) to base 15
-103b
211301 (base 5) to base 13
32b4
Convert 11a7 (base 15) to base 11.
2906
-18081 (base 9) to base 4
-3002302
Convert 10000020222 (base 3) to base 7.
334463
4623 (base 7) to base 12
b83
What is 42322 (base 8) in base 14?
65c6
What is 3497 (base 10) in base 6?
24105
-1332 (base 12) to base 15
-9b8
What is 153362 (base 7) in base 14?
ad32
What is 31424 (base 5) in base 16?
842
Convert -1562 (base 12) to base 16.
-9da
What is 951 (base 14) in base 10?
1835
-25a (base 14) to base 2
-111011000
-11021200020 (base 3) to base 12
-40973
What is -10312 (base 5) in base 11?
-593
What is -5043 (base 6) in base 13?
-672
Convert 411 (base 16) to base 4.
100101
Convert -64663 (base 9) to base 4.
-22131021
Convert 8426 (base 14) to base 4.
11203302
What is -86b (base 13) in base 2?
-10110100001
5229 (base 14) to base 12
8231
What is -10001010 (base 4) in base 13?
-7647
Convert -101011101111101 (base 2) to base 9.
-33645
Convert 593 (base 14) to base 13.
674
What is 56e (base 15) in base 8?
2315
677 (base 9) to base 12
3a4
Convert 1050332 (base 6) to base 14.
155a8
12332 (base 4) to base 12
312
What is 1658 (base 10) in base 4?
121322
What is -2277 (base 12) in base 11?
-2977
What is 10162 (base 8) in base 2?
1000001110010
-111101111001 (base 2) to base 8
-7571
What is -100000111110101 (base 2) in base 5?
-1020020
-18372 (base 10) to base 9
-27173
Convert 214 (base 6) to base 8.
122
-2003 (base 6) to base 13
-276
What is 210212201 (base 3) in base 8?
37115
What is 11122220 (base 3) in base 12?
1b73
-123 (base 9) to base 13
-7b
What is 1229 (base 13) in base 6?
15522
Convert -2112111022 (base 3) to base 4.
-30030023
Convert 26450 (base 8) to base 10.
11560
What is -5bd (base 15) in base 12?
-907
What is -45846 (base 9) in base 11?
-20a7a
1101001110100101 (base 2) to base 10
54181
What is -1503 (base 15) in base 10?
-4503
Convert -58d (base 15) to base 3.
-1201121
What is -411 (base 16) in base 8?
-2021
1754 (base 9) to base 3
1211211
Convert -434143 (base 5) to base 4.
-3221023
What is 432626 (base 7) in base 9?
124422
What is 223 (base 12) in base 15?
160
What is 10898 (base 11) in base 14?
5a28
What is -a1a (base 11) in base 16?
-4cf
588 (base 11) to base 16
2bd
26cd (base 15) to base 10
8293
Convert -1322 (base 7) to base 16.
-1fa
What is -1036 (base 16) in base 13?
-1b73
3dcb (base 15) to base 4
3032321
What is 5203 (base 6) in base 16?
483
What is -163 (base 10) in base 9?
-201
Convert -332 (base 16) to base 13.
-4ac
22007 (base 8) to base 4
2100013
111f (base 16) to base 14
1851
What is -18a (base 16) in base 3?
-112121
-45130 (base 7) to base 11
-8614
What is 37e (base 15) in base 7?
2213
100111110111011 (base 2) to base 10
20411
-1031210 (base 5) to base 4
-10110100
Convert -2291 (base 12) to base 14.
-1593
What is -5197 (base 15) in base 9?
-25577
Convert 14126 (base 10) to base 15.
42bb
Convert 5873 (base 10) to base 11.
445a
Convert 5b2 (base 14) to base 7.
3212
Convert -6979 (base 13) to base 5.
-433203
What is -12777 (base 8) in base 4?
-1113333
121212 (base 3) to base 8
707
202021200 (base 3) to base 4
3213003
What is 21211 (base 3) in base 14?
111
-667 (base 9) to base 14
-2b1
-13828 (base 9) to base 7
-36320
Convert -1b8a (base 13) to base 14.
-173c
Convert -51 (base 8) to base 9.
-45
What is -1403 (base 5) in base 8?
-344
Convert -12022112 (base 3) to base 7.
-14204
What is 115 (base 10) in base 15?
7a
Convert -32202021 (base 4) to base 9.
-100583
Convert 111101010100 (base 2) to base 5.
111144
3249 (base 12) to base 15
1989
What is -20020 (base 3) in base 16?
-a8
What is -1041 (base 16) in base 5?
-113121
62370 (base 8) to base 16
64f8
What is 321 (base 7) in base 6?
430
What is -11101001000 (base 2) in base 3?
-2120001
25019 (base 10) to base 15
762e
47ac (base 13) to base 16
2781
Convert -155263 (base 7) to base 14.
-b26a
-3bb (base 12) to base 2
-1000111111
-100100101110001 (base 2) to base 11
-13142
Convert 3d (base 15) to base 8.
72
Convert -10142 (base 6) to base 11.
-1025
-424 (base 7) to base 2
-11010110
Convert 101101011101100 (base 2) to base 3.
1011221002
Convert -1133003 (base 4) to base 15.
-1c08
Convert -6274 (base 8) to base 5.
-101020
What is -1412033 (base 5) in base 10?
-29018
-2d87 (base 16) to base 12
-68b3
Convert -5537 (base 11) to base 5.
-213200
Convert 102341 (base 6) to base 16.
2095
Convert -1622 (base 9) to base 10.
-1235
Convert -10000111 (base 2) to base 9.
-160
-39 (base 12) to base 9
-50
-4a1 (base 14) to base 6
-4141
Convert 6552 (base 7) to base 11.
1838
Convert -5592 (base 10) to base 7.
-22206
What is -103141 (base 5) in base 2?
-110111011010
Convert -39 (base 16) to base 14.
-41
-2835 (base 10) to base 14
-1067
-27b9 (base 14) to base 6
-52303
2807 (base 15) to base 4
2011231
What is -2523 (base 8) in base 6?
-10151
What is 6540 (base 13) in base 16?
36ff
What is -140 (base 11) in base 15?
-b0
-c35 (base 13) to base 10
-2072
Convert -14042 (base 6) to base 11.
-1708
Convert 103211 (base 4) to base 6.
5445
1311011 (base 4) to base 13
3545
What is -ac77 (base 13) in base 11?
-17116
Convert -55260 (base 7) to base 13.
-6402
What is 1545 (base 7) in base 8?
1155
What is 1a44 (base 15) in base 3?
21210201
What is 80e0 (base 16) in base 3?
1200020221
What is 3221 (base 4) in base 14?
129
-6546 (base 7) to base 12
-1429
241 (base 7) to base 2
1111111
What is 488 (base 14) in base 4?
32020
What is -2424 (base 5) in base 11?
-301
What is 15554 (base 6) in base 9?
3487
-154543 (base 6) to base 9
-23020
What is -120a (base 16) in base 10?
-4618
-18581 (base 10) to base 7
-105113
Convert 1220200 (base 3) to base 15.
630
-122131 (base 4) to base 13
-a03
2978 (base 10) to base 4
232202
-a41 (base 11) to base 4
-103213
What is -464 (base 14) in base 2?
-1101101000
9a77 (base 11) to base 15
3ded
What is 110010101 (base 2) in base 3?
120000
-3a21 (base 11) to base 3
-21011120
Convert 65016 (base 9) to base 4.
22200102
-c17 (base 16) to base 2
-110000010111
Convert -4c1 (base 16) to base 12.
-855
Convert 1010100001 (base 2) to base 14.
361
Convert -21435 (base 7) to base 5.
-132432
What is 66 (base 14) in base 11?
82
7463 (base 11) to base 3
111112120
What is 42312 (base 5) in base 14?
1064
21033 (base 4) to base 12
413
Convert 2241 (base 9) to base 3.
2021101
-11613 (base 16) to base 7
-414354
Convert 186 (base 13) to base 8.
427
Convert -26195 (base 10) to base 7.
-136241
Convert -311 (base 7) to base 2.
-10011011
Convert 1110211000 (base 3) to base 14.
a813
-def (base 16) to base 14
-142b
Convert 287 (base 10) to base 6.
1155
What is 42526 (base 10) in base 11?
29a50
Convert -3121210 (base 4) to base 12.
-8084
What is -12d (base 14) in base 2?
-11101101
-110203 (base 6) to base 13
-4218
-214 (base 10) to base 2
-11010110
Convert 100011001100 (base 2) to base 7.
6365
Convert 2011010 (base 3) to base 5.
22234
What is -22302 (base 5) in base 11?
-1204
Convert -6413 (base 7) to base 2.
-100011011000
-53621 (base 8) to base 13
-a285
-2102211 (base 3) to base 7
-5116
Convert 4889 (base 13) to base 9.
15052
Convert -3a7 (base 11) to base 3.
-122210
What is -15614 (base 8) in base 9?
-10605
What is 1101011000110 (base 2) in base 13?
3173
23a65 (base 12) to base 9
73065
614 (base 7) to base 2
100110001
12230 (base 4) to base 11
35a
Convert 34132 (base 5) to base 7.
10022
Convert -62461 (base 7) to base 9.
-23024
322 (base 8) to base 5
1320
What is -1022120001 (base 3) in base 14?
-9637
-11202 (base 4) to base 5
-2404
7562 (base 10) to base 11
5755
-1228 (base 10) to base 7
-3403
What is 2726 (base 8) in base 14?
78a
What is -5aa (base 11) in base 6?
-3205
What is 3169 (base 10) in base 6?
22401
Convert -828 (base 9) to base 5.
-10144
Convert 153555 (base 8) to base 14.
16153
4b20 (base 12) to base 9
12616
Convert -5585 (base 13) to base 5.
-340224
534 (base 14) to base 16
402
Convert 10101011101 (base 2) to base 16.
55d
Convert 10000001000101 (base 2) to base 13.
39b6
296 (base 15) to base 4
21033
Convert -100011011 (base 2) to base 5.
-2113
-254652 (base 7) to base 14
-13362
122011 (base 5) to base 11
3530
What is -10020 (base 13) in base 8?
-67653
What is 18b5a (base 12) 